{"id":1063,"date":"2022-01-19T14:16:13","date_gmt":"2022-01-19T13:16:13","guid":{"rendered":"https:\/\/hairstuff.be\/product\/wella-eimi-grip-cream-75-ml\/"},"modified":"2026-09-04T17:02:55","modified_gmt":"2026-09-04T15:02:55","slug":"wella-eimi-grip-cream-75-ml","status":"publish","type":"product","link":"https:\/\/hairstuff.be\/fr\/product\/wella-eimi-grip-cream-75-ml\/","title":{"rendered":"Wella EIMI Cr\u00e8me adh\u00e9sive 75 ml"},"content":{"rendered":"<p>La cr\u00e8me coiffante EIMI Grip Cream 75ml est une cr\u00e8me coiffante douce et souple de la marque haut de gamme Wella Professionals. La Grip Cream fait partie de la gamme de textures de la ligne de coiffage EIMI. Avec les produits EIMI, vous cr\u00e9ez et modelez les coiffures les plus tendance et vous faites briller vos cheveux comme jamais auparavant !<\/p>\n<p>Une coiffure parfaitement styl\u00e9e, avec une tenue ferme mais qui reste souple au toucher : cela semble impossible, mais rien n\u2019est moins vrai ! La cr\u00e8me coiffante EIMI Grip Cream 75ml est une cr\u00e8me douce et souple qui vous permet de cr\u00e9er et de modeler des looks caract\u00e9ristiques et bien d\u00e9finis. Cette cr\u00e8me convient aussi bien aux cheveux longs qu&#x27;aux cheveux courts et est formul\u00e9e pour offrir un maintien ferme tout en conservant une grande souplesse. Cette combinaison unique est rendue possible gr\u00e2ce \u00e0 la cire de carnauba issue des palmiers br\u00e9siliens. Gr\u00e2ce \u00e0 sa tenue ferme, votre coiffure restera parfaite toute la journ\u00e9e ! Vous souhaitez d\u00e9couvrir tous les autres produits de la gamme de textures EIMI ? D\u00e9couvrez-les vite ici, dans notre boutique !<\/p>\n<p>Propri\u00e9t\u00e9s<br \/>\nCr\u00e8me coiffante<br \/>\nEIMI Gamme Texture<br \/>\nForte fixation<br \/>\nFinition souple<br \/>\nEnrichi en cire de carnauba<br \/>\nContenu : 75ml<br \/>\nMode d\u2019emploi<br \/>\nLa Grip Cream de Wella doit \u00eatre appliqu\u00e9e sur cheveux secs. Frottez une petite quantit\u00e9 de Grip Cream entre vos mains, puis appliquez-la avec les doigts sur les longueurs et les pointes. Coiffez vos cheveux et laissez-les s\u00e9cher \u00e0 l&#x27;air libre. Laissez libre cours \u00e0 votre cr\u00e9ativit\u00e9 et r\u00e9alisez les coiffures les plus incroyables !<\/p>","protected":false},"excerpt":{"rendered":"<p>Professionnel ? Cr\u00e9ez un compte - Envoyez-nous un e-mail avec votre num\u00e9ro de TVA - Apr\u00e8s v\u00e9rification, nous modifierons votre compte en \u201c Professionnel \u201d - Nous vous renverrons un e-mail - Votre compte professionnel est maintenant actif et vous pouvez voir les prix pour les professionnels.<\/p>","protected":false},"featured_media":17361,"comment_status":"open","ping_status":"closed","template":"","meta":[],"product_brand":[1454],"product_cat":[246],"product_tag":[],"class_list":["post-1063","product","type-product","status-publish","has-post-thumbnail","product_brand-wella","product_cat-wella-eimi-styling","pa_inhoud-75-ml","pa_lijn-eimi","pa_merk-wella","pa_producttype-stylen","first","instock","taxable","shipping-taxable","purchasable","product-type-simple"],"_links":{"self":[{"href":"https:\/\/hairstuff.be\/fr\/wp-json\/wp\/v2\/product\/1063","targetHints":{"allow":["GET"]}}],"collection":[{"href":"https:\/\/hairstuff.be\/fr\/wp-json\/wp\/v2\/product"}],"about":[{"href":"https:\/\/hairstuff.be\/fr\/wp-json\/wp\/v2\/types\/product"}],"replies":[{"embeddable":true,"href":"https:\/\/hairstuff.be\/fr\/wp-json\/wp\/v2\/comments?post=1063"}],"wp:featuredmedia":[{"embeddable":true,"href":"https:\/\/hairstuff.be\/fr\/wp-json\/wp\/v2\/media\/17361"}],"wp:attachment":[{"href":"https:\/\/hairstuff.be\/fr\/wp-json\/wp\/v2\/media?parent=1063"}],"wp:term":[{"taxonomy":"product_brand","embeddable":true,"href":"https:\/\/hairstuff.be\/fr\/wp-json\/wp\/v2\/product_brand?post=1063"},{"taxonomy":"product_cat","embeddable":true,"href":"https:\/\/hairstuff.be\/fr\/wp-json\/wp\/v2\/product_cat?post=1063"},{"taxonomy":"product_tag","embeddable":true,"href":"https:\/\/hairstuff.be\/fr\/wp-json\/wp\/v2\/product_tag?post=1063"}],"curies":[{"name":"wp","href":"https:\/\/api.w.org\/{rel}","templated":true}]}}

Wella EIMI Crème adhésive 75 ml

<p>La crème coiffante EIMI Grip Cream 75ml est une crème coiffante douce et souple de la marque haut de gamme Wella Professionals. La Grip Cream fait partie de la gamme de textures de la ligne de coiffage EIMI. Avec les produits EIMI, vous créez et modelez les coiffures les plus tendance et vous faites briller vos cheveux comme jamais auparavant !</p>
<p>Une coiffure parfaitement stylée, avec une tenue ferme mais qui reste souple au toucher : cela semble impossible, mais rien n’est moins vrai ! La crème coiffante EIMI Grip Cream 75ml est une crème douce et souple qui vous permet de créer et de modeler des looks caractéristiques et bien définis. Cette crème convient aussi bien aux cheveux longs qu&#x27;aux cheveux courts et est formulée pour offrir un maintien ferme tout en conservant une grande souplesse. Cette combinaison unique est rendue possible grâce à la cire de carnauba issue des palmiers brésiliens. Grâce à sa tenue ferme, votre coiffure restera parfaite toute la journée ! Vous souhaitez découvrir tous les autres produits de la gamme de textures EIMI ? Découvrez-les vite ici, dans notre boutique !</p>
<p>Propriétés<br />
Crème coiffante<br />
EIMI Gamme Texture<br />
Forte fixation<br />
Finition souple<br />
Enrichi en cire de carnauba<br />
Contenu : 75ml<br />
Mode d’emploi<br />
La Grip Cream de Wella doit être appliquée sur cheveux secs. Frottez une petite quantité de Grip Cream entre vos mains, puis appliquez-la avec les doigts sur les longueurs et les pointes. Coiffez vos cheveux et laissez-les sécher à l&#x27;air libre. Laissez libre cours à votre créativité et réalisez les coiffures les plus incroyables !</p>

<p>Professionnel ? Créez un compte - Envoyez-nous un e-mail avec votre numéro de TVA - Après vérification, nous modifierons votre compte en “ Professionnel ” - Nous vous renverrons un e-mail - Votre compte professionnel est maintenant actif et vous pouvez voir les prix pour les professionnels.</p>
